{"id":1035,"date":"2019-11-07T19:56:01","date_gmt":"2019-11-07T22:56:01","guid":{"rendered":"https:\/\/isac-cat.infd.edu.ar\/sitio\/?page_id=1035"},"modified":"2019-11-29T13:08:42","modified_gmt":"2019-11-29T16:08:42","slug":"biblioteca-virtual","status":"publish","type":"page","link":"https:\/\/isac-cat.infd.edu.ar\/sitio\/biblioteca-virtual\/","title":{"rendered":"BIBLIOTECA VIRTUAL ISAC"},"content":{"rendered":"<div id=\"wpwrap\">\n<div id=\"wpcontent\">\n<div id=\"wpbody\" role=\"main\">\n<div id=\"wpbody-content\" tabindex=\"0\" aria-label=\"Contenido principal\">\n<div class=\"wrap\">\n<div class=\"revisions\">\n<div class=\"revisions-diff-frame\">\n<div class=\"revisions-diff\">\n<div class=\"diff\"><strong>La Biblioteca Virtual tiene como objetivo poner al servicio de la comunidad acad\u00e9mica del ISAC y el p\u00fablico en general, el material bibliogr\u00e1fico generado en nuestra instituci\u00f3n.\u00a0<\/strong><strong>Podr\u00e1s encontrar la producci\u00f3n de proyectos de investigaciones realizadas en distintas etapas de trabajo y por distintos equipos, tanto de docentes como de estudiantes.<\/strong><\/div>\n<\/div>\n<\/div>\n<\/div>\n<\/div>\n<\/div>\n<\/div>\n<\/div>\n<\/div>\n<ul>\n<li><a href=\"https:\/\/isac-cat.infd.edu.ar\/sitio\/produccion-docente\/\"><strong><span style=\"color: #ffffff;\">Aqu\u00ed<\/span> se encuentran los escritos producidos por distintos equipos docentes en el \u00e1rea de investigaci\u00f3n del Instituto Superior de Arte y Comunicaci\u00f3n de Catamarca<\/strong><\/a><\/li>\n<\/ul>\n<ul>\n<li><a href=\"https:\/\/isac-cat.infd.edu.ar\/sitio\/produccion-estudiantil\/\"><strong><span style=\"color: #ffffff;\">Este<\/span> repositorio contiene trabajos de investigaci\u00f3n de estudiantes para las distintas c\u00e1tedras del Instituto Superior de Arte y Comunicaci\u00f3n de Catamarca.<\/strong><\/a><\/li>\n<\/ul>\n","protected":false},"excerpt":{"rendered":"<p>La Biblioteca Virtual tiene como objetivo poner al servicio de la comunidad acad\u00e9mica del ISAC y el p\u00fablico en general, el material bibliogr\u00e1fico generado en nuestra instituci\u00f3n.\u00a0Podr\u00e1s encontrar la producci\u00f3n de proyectos de investigaciones realizadas en distintas etapas de trabajo y por distintos equipos, tanto de docentes como de estudiantes. Aqu\u00ed se encuentran los escritos &#8230; <a title=\"BIBLIOTECA VIRTUAL ISAC\" class=\"read-more\" href=\"https:\/\/isac-cat.infd.edu.ar\/sitio\/biblioteca-virtual\/\" aria-label=\"More on BIBLIOTECA VIRTUAL ISAC\">[+]<\/a><\/p>\n","protected":false},"author":204,"featured_media":0,"parent":0,"menu_order":0,"comment_status":"closed","ping_status":"closed","template":"","meta":[],"acf":[],"_links":{"self":[{"href":"https:\/\/isac-cat.infd.edu.ar\/sitio\/wp-json\/wp\/v2\/pages\/1035"}],"collection":[{"href":"https:\/\/isac-cat.infd.edu.ar\/sitio\/wp-json\/wp\/v2\/pages"}],"about":[{"href":"https:\/\/isac-cat.infd.edu.ar\/sitio\/wp-json\/wp\/v2\/types\/page"}],"author":[{"embeddable":true,"href":"https:\/\/isac-cat.infd.edu.ar\/sitio\/wp-json\/wp\/v2\/users\/204"}],"replies":[{"embeddable":true,"href":"https:\/\/isac-cat.infd.edu.ar\/sitio\/wp-json\/wp\/v2\/comments?post=1035"}],"version-history":[{"count":12,"href":"https:\/\/isac-cat.infd.edu.ar\/sitio\/wp-json\/wp\/v2\/pages\/1035\/revisions"}],"predecessor-version":[{"id":1191,"href":"https:\/\/isac-cat.infd.edu.ar\/sitio\/wp-json\/wp\/v2\/pages\/1035\/revisions\/1191"}],"wp:attachment":[{"href":"https:\/\/isac-cat.infd.edu.ar\/sitio\/wp-json\/wp\/v2\/media?parent=1035"}],"curies":[{"name":"wp","href":"https:\/\/api.w.org\/{rel}","templated":true}]}}