{"id":1753,"date":"2022-10-31T17:52:29","date_gmt":"2022-10-31T20:52:29","guid":{"rendered":"https:\/\/isac-cat.infd.edu.ar\/sitio\/?page_id=1753"},"modified":"2025-02-12T12:00:59","modified_gmt":"2025-02-12T15:00:59","slug":"siu-guarani","status":"publish","type":"page","link":"https:\/\/isac-cat.infd.edu.ar\/sitio\/siu-guarani\/","title":{"rendered":"SIU Guaran\u00ed"},"content":{"rendered":"<div class=\"wp-block-image\">\n<figure class=\"aligncenter size-full is-resized\"><img decoding=\"async\" loading=\"lazy\" src=\"https:\/\/isac-cat.infd.edu.ar\/sitio\/wp-content\/uploads\/2023\/05\/logo_SIU.png\" alt=\"\" class=\"wp-image-2098\" width=\"540\" height=\"117\"\/><figcaption class=\"wp-element-caption\"><strong>SIU<\/strong>\u2013<strong>GUARAN\u00cd<\/strong> es un sistema de gesti\u00f3n acad\u00e9mica que registra y administra todas las actividades acad\u00e9micas de la Instituci\u00f3n. A trav\u00e9s de ella los estudiantes podra gestionar tramites&nbsp;administrativos&nbsp;pudiendo as\u00ed brindar un registro de informaci\u00f3n sobre distintos aspectos de las trayectorias de los estudiantes.<\/figcaption><\/figure><\/div>\n\n\n<hr class=\"wp-block-separator has-alpha-channel-opacity is-style-dots\"\/>\n\n\n\n<div class=\"wp-block-group alignwide has-small-font-size is-layout-constrained\"><div class=\"wp-block-group__inner-container\">\n<div class=\"wp-block-columns alignwide is-layout-flex wp-container-5\" style=\"margin-bottom:0\">\n<div class=\"wp-block-column is-vertically-aligned-top has-text-color has-background has-link-color has-small-font-size wp-elements-da3b6c41e094ed33aec6f1dd013124f0 is-layout-flow\" style=\"color:#000000;background-color:#1f7fbf4d;padding-top:2em;padding-right:2em;padding-bottom:2em;padding-left:2em\">\n<h1 class=\"wp-block-heading has-text-align-center\" id=\"patron\" style=\"font-size:30px\">Preinscripci\u00f3n ingresantes 2025<\/h1>\n\n\n\n<hr class=\"wp-block-separator has-css-opacity is-style-wide\"\/>\n\n\n\n<h5>Se informa que se encuentra habilitada (solo para estudiantes que nunca ingresaron al sistema), la preinscripci\u00f3n en SIU Guaran\u00ed hasta el 21 de febrero de 2025.<\/h5>\n\n\n\n<div class=\"wp-block-buttons has-custom-font-size has-medium-font-size is-content-justification-center is-layout-flex wp-container-1\">\n<div class=\"wp-block-button has-custom-width wp-block-button__width-50 has-custom-font-size has-medium-font-size\"><a class=\"wp-block-button__link wp-element-button\" href=\"http:\/\/guarani.catamarca.edu.ar\/preinscripcion\/ies\/?__o=\" style=\"border-radius:11px\" target=\"_blank\" rel=\"noreferrer noopener\">PREINSCRIPCI\u00d3N<\/a><\/div>\n<\/div>\n<\/div>\n\n\n\n<div class=\"wp-block-column is-vertically-aligned-top has-text-color has-background has-link-color has-small-font-size wp-elements-cc4060c545072240a0449589fc2cbf05 is-layout-flow\" style=\"color:#000000;background-color:#c0ebf1;padding-top:2em;padding-right:2em;padding-bottom:2em;padding-left:2em\">\n<h1 class=\"wp-block-heading has-text-align-center\" id=\"patron\" style=\"font-size:30px\">Inscripci\u00f3n 2025<\/h1>\n\n\n\n<hr class=\"wp-block-separator has-css-opacity is-style-wide\"\/>\n\n\n\n<h5>Se encuentra habilitada la inscripci\u00f3n a las materias a cursar, para 1\u00b0, 2\u00b0 y 3\u00b0 a\u00f1o de todas las carreras.<\/h5>\n<p>\u00a0<\/p>\n\n\n\n<div class=\"wp-block-buttons alignwide has-custom-font-size is-horizontal is-content-justification-center is-layout-flex wp-container-3\" style=\"font-size:11px\">\n<div class=\"wp-block-button has-custom-width wp-block-button__width-50 has-custom-font-size has-medium-font-size\"><a class=\"wp-block-button__link wp-element-button\" href=\"https:\/\/isac-cat.infd.edu.ar\/sitio\/wp-content\/uploads\/2023\/05\/Instructivo-SIU-Guarani-Alumnos.pdf\" style=\"border-radius:11px\" target=\"_blank\" rel=\"noreferrer noopener\">TUTORIAL<\/a><\/div>\n\n\n\n<div class=\"wp-block-button has-custom-width wp-block-button__width-50 has-custom-font-size has-medium-font-size\"><a class=\"wp-block-button__link wp-element-button\" href=\"http:\/\/guarani.catamarca.edu.ar\/ies\/\" style=\"border-radius:11px\" target=\"_blank\" rel=\"noreferrer noopener\">INSCRIPCI\u00d3N<\/a><\/div>\n<\/div>\n<\/div>\n<\/div>\n<\/div><\/div>\n\n\n\n<div class=\"wp-block-group alignwide is-layout-constrained\"><div class=\"wp-block-group__inner-container\">\n<div class=\"wp-block-columns alignwide is-layout-flex wp-container-11\" style=\"margin-bottom:0\">\n<div class=\"wp-block-column is-vertically-aligned-top has-text-color has-background has-link-color has-small-font-size wp-elements-ca4404ea1008fafb63be3c119b714df9 is-layout-flow\" style=\"color:#000000;background-color:#c0ebf1;padding-top:2em;padding-right:2em;padding-bottom:2em;padding-left:2em\">\n<h1 class=\"wp-block-heading\" id=\"patron\" style=\"font-size:30px\">Inscripci\u00f3n ingresantes 2024<\/h1>\n\n\n\n<hr class=\"wp-block-separator has-css-opacity is-style-wide\"\/>\n\n\n\n<h6>Se encuentra habilitada la inscripci\u00f3n a las materias a cursar, para 1\u00b0 y 2\u00b0 a\u00f1o.<\/h6>\n\n\n\n<div class=\"wp-block-buttons alignwide has-custom-font-size is-horizontal is-content-justification-center is-nowrap is-layout-flex wp-container-7\" style=\"font-size:11px\">\n<div class=\"wp-block-button has-custom-font-size has-medium-font-size\"><a class=\"wp-block-button__link wp-element-button\" href=\"https:\/\/isac-cat.infd.edu.ar\/sitio\/wp-content\/uploads\/2023\/05\/Instructivo-SIU-Guarani-Alumnos.pdf\" target=\"_blank\" rel=\"noreferrer noopener\">TUTORIAL<\/a><\/div>\n\n\n\n<div class=\"wp-block-button has-custom-width wp-block-button__width-50 has-custom-font-size has-medium-font-size\"><a class=\"wp-block-button__link wp-element-button\" href=\"http:\/\/guarani.catamarca.edu.ar\/ies\/\" target=\"_blank\" rel=\"noreferrer noopener\">INSCRIPCI\u00d3N<\/a><\/div>\n<\/div>\n<\/div>\n\n\n\n<div class=\"wp-block-column is-vertically-aligned-top has-text-color has-background has-link-color has-small-font-size wp-elements-be650ff2abd3413b151c32f97cd7f45c is-layout-flow\" style=\"color:#000000;background-color:#1f7fbf4d;padding-top:2em;padding-right:2em;padding-bottom:2em;padding-left:2em\">\n<h1 class=\"wp-block-heading\" id=\"patron\" style=\"font-size:30px\">Preinscripci\u00f3n ingresantes 2024<\/h1>\n\n\n\n<hr class=\"wp-block-separator has-css-opacity is-style-wide\"\/>\n\n\n\n<h5>Se informa que se encuentra habilitada (solo para estudiantes que nunca ingresaron al sistema), la preinscripci\u00f3n en SIU Guaran\u00ed hasta el 30 de abril del corriente a\u00f1o.<\/h5>\n\n\n\n<div class=\"wp-block-buttons has-custom-font-size has-medium-font-size is-content-justification-center is-layout-flex wp-container-9\">\n<div class=\"wp-block-button\"><a class=\"wp-block-button__link wp-element-button\" href=\"http:\/\/guarani.catamarca.edu.ar\/preinscripcion\/ies\/?__o=\" target=\"_blank\" rel=\"noreferrer noopener\">PREINSCRIPCI\u00d3N<\/a><\/div>\n<\/div>\n<\/div>\n<\/div>\n<\/div><\/div>\n\n\n\n<hr class=\"wp-block-separator has-alpha-channel-opacity is-style-dots\"\/>\n\n\n<p>&#x1f4e3; Se comunica que hasta el 20 de mayo del corriente a\u00f1o, todos los alumnos ingresantes 1\u00b0 a\u00f1o 2023, deber\u00e1n inscribirse a las materias de primer a\u00f1o para continuar siendo alumno regular de la carrera, sin excepci\u00f3n.<\/p>\n<p>&#x1f517; Enlace de inscripci\u00f3n: <a href=\"http:\/\/guarani.catamarca.edu.ar\/ies\/\" target=\"_blank\" rel=\"noopener\" data-wplink-edit=\"true\">http:\/\/guarani.catamarca.edu.ar\/ies\/<\/a><\/p>\n<p>&#x1f4c4; Tutorial para realizar el mencionado proceso: <a href=\"https:\/\/isac-cat.infd.edu.ar\/sitio\/wp-content\/uploads\/2023\/05\/Instructivo-SIU-Guarani-Alumnos.pdf\" target=\"_blank\" rel=\"noopener\">Instructivo &#8211; SIU Guaran\u00ed Alumnos<\/a><\/p>\n<p>&#x2753; Por consultas, dirigirse al \u00e1rea de bedel\u00eda, Prof. Soledad Nieva, los d\u00edas martes y jueves, en el horario de 17:30 h. a 20:00 h.&nbsp;<\/p>","protected":false},"excerpt":{"rendered":"<p>Preinscripci\u00f3n ingresantes 2025 Se informa que se encuentra habilitada (solo para estudiantes que nunca ingresaron al sistema), la preinscripci\u00f3n en SIU Guaran\u00ed hasta el 21 de febrero de 2025. Inscripci\u00f3n 2025 Se encuentra habilitada la inscripci\u00f3n a las materias a cursar, para 1\u00b0, 2\u00b0 y 3\u00b0 a\u00f1o de todas las carreras. \u00a0 Inscripci\u00f3n ingresantes 2024 &#8230; <a title=\"SIU Guaran\u00ed\" class=\"read-more\" href=\"https:\/\/isac-cat.infd.edu.ar\/sitio\/siu-guarani\/\" aria-label=\"More on SIU Guaran\u00ed\">[+]<\/a><\/p>\n","protected":false},"author":7,"featured_media":0,"parent":0,"menu_order":0,"comment_status":"closed","ping_status":"closed","template":"","meta":[],"acf":[],"_links":{"self":[{"href":"https:\/\/isac-cat.infd.edu.ar\/sitio\/wp-json\/wp\/v2\/pages\/1753"}],"collection":[{"href":"https:\/\/isac-cat.infd.edu.ar\/sitio\/wp-json\/wp\/v2\/pages"}],"about":[{"href":"https:\/\/isac-cat.infd.edu.ar\/sitio\/wp-json\/wp\/v2\/types\/page"}],"author":[{"embeddable":true,"href":"https:\/\/isac-cat.infd.edu.ar\/sitio\/wp-json\/wp\/v2\/users\/7"}],"replies":[{"embeddable":true,"href":"https:\/\/isac-cat.infd.edu.ar\/sitio\/wp-json\/wp\/v2\/comments?post=1753"}],"version-history":[{"count":14,"href":"https:\/\/isac-cat.infd.edu.ar\/sitio\/wp-json\/wp\/v2\/pages\/1753\/revisions"}],"predecessor-version":[{"id":2957,"href":"https:\/\/isac-cat.infd.edu.ar\/sitio\/wp-json\/wp\/v2\/pages\/1753\/revisions\/2957"}],"wp:attachment":[{"href":"https:\/\/isac-cat.infd.edu.ar\/sitio\/wp-json\/wp\/v2\/media?parent=1753"}],"curies":[{"name":"wp","href":"https:\/\/api.w.org\/{rel}","templated":true}]}}

SIU Guaraní

<div class="wp-block-image">
<figure class="aligncenter size-full is-resized"><img decoding="async" loading="lazy" src="https://isac-cat.infd.edu.ar/sitio/wp-content/uploads/2023/05/logo_SIU.png" alt="" class="wp-image-2098" width="540" height="117"/><figcaption class="wp-element-caption"><strong>SIU</strong>–<strong>GUARANÍ</strong> es un sistema de gestión académica que registra y administra todas las actividades académicas de la Institución. A través de ella los estudiantes podra gestionar tramites&nbsp;administrativos&nbsp;pudiendo así brindar un registro de información sobre distintos aspectos de las trayectorias de los estudiantes.</figcaption></figure></div>


<hr class="wp-block-separator has-alpha-channel-opacity is-style-dots"/>



<div class="wp-block-group alignwide has-small-font-size is-layout-constrained"><div class="wp-block-group__inner-container">
<div class="wp-block-columns alignwide is-layout-flex wp-container-5" style="margin-bottom:0">
<div class="wp-block-column is-vertically-aligned-top has-text-color has-background has-link-color has-small-font-size wp-elements-da3b6c41e094ed33aec6f1dd013124f0 is-layout-flow" style="color:#000000;background-color:#1f7fbf4d;padding-top:2em;padding-right:2em;padding-bottom:2em;padding-left:2em">
<h1 class="wp-block-heading has-text-align-center" id="patron" style="font-size:30px">Preinscripción ingresantes 2025</h1>



<hr class="wp-block-separator has-css-opacity is-style-wide"/>



<h5>Se informa que se encuentra habilitada (solo para estudiantes que nunca ingresaron al sistema), la preinscripción en SIU Guaraní hasta el 21 de febrero de 2025.</h5>



<div class="wp-block-buttons has-custom-font-size has-medium-font-size is-content-justification-center is-layout-flex wp-container-1">
<div class="wp-block-button has-custom-width wp-block-button__width-50 has-custom-font-size has-medium-font-size"><a class="wp-block-button__link wp-element-button" href="http://guarani.catamarca.edu.ar/preinscripcion/ies/?__o=" style="border-radius:11px" target="_blank" rel="noreferrer noopener">PREINSCRIPCIÓN</a></div>
</div>
</div>



<div class="wp-block-column is-vertically-aligned-top has-text-color has-background has-link-color has-small-font-size wp-elements-cc4060c545072240a0449589fc2cbf05 is-layout-flow" style="color:#000000;background-color:#c0ebf1;padding-top:2em;padding-right:2em;padding-bottom:2em;padding-left:2em">
<h1 class="wp-block-heading has-text-align-center" id="patron" style="font-size:30px">Inscripción 2025</h1>



<hr class="wp-block-separator has-css-opacity is-style-wide"/>



<h5>Se encuentra habilitada la inscripción a las materias a cursar, para 1°, 2° y 3° año de todas las carreras.</h5>
<p> </p>



<div class="wp-block-buttons alignwide has-custom-font-size is-horizontal is-content-justification-center is-layout-flex wp-container-3" style="font-size:11px">
<div class="wp-block-button has-custom-width wp-block-button__width-50 has-custom-font-size has-medium-font-size"><a class="wp-block-button__link wp-element-button" href="https://isac-cat.infd.edu.ar/sitio/wp-content/uploads/2023/05/Instructivo-SIU-Guarani-Alumnos.pdf" style="border-radius:11px" target="_blank" rel="noreferrer noopener">TUTORIAL</a></div>



<div class="wp-block-button has-custom-width wp-block-button__width-50 has-custom-font-size has-medium-font-size"><a class="wp-block-button__link wp-element-button" href="http://guarani.catamarca.edu.ar/ies/" style="border-radius:11px" target="_blank" rel="noreferrer noopener">INSCRIPCIÓN</a></div>
</div>
</div>
</div>
</div></div>



<div class="wp-block-group alignwide is-layout-constrained"><div class="wp-block-group__inner-container">
<div class="wp-block-columns alignwide is-layout-flex wp-container-11" style="margin-bottom:0">
<div class="wp-block-column is-vertically-aligned-top has-text-color has-background has-link-color has-small-font-size wp-elements-ca4404ea1008fafb63be3c119b714df9 is-layout-flow" style="color:#000000;background-color:#c0ebf1;padding-top:2em;padding-right:2em;padding-bottom:2em;padding-left:2em">
<h1 class="wp-block-heading" id="patron" style="font-size:30px">Inscripción ingresantes 2024</h1>



<hr class="wp-block-separator has-css-opacity is-style-wide"/>



<h6>Se encuentra habilitada la inscripción a las materias a cursar, para 1° y 2° año.</h6>



<div class="wp-block-buttons alignwide has-custom-font-size is-horizontal is-content-justification-center is-nowrap is-layout-flex wp-container-7" style="font-size:11px">
<div class="wp-block-button has-custom-font-size has-medium-font-size"><a class="wp-block-button__link wp-element-button" href="https://isac-cat.infd.edu.ar/sitio/wp-content/uploads/2023/05/Instructivo-SIU-Guarani-Alumnos.pdf" target="_blank" rel="noreferrer noopener">TUTORIAL</a></div>



<div class="wp-block-button has-custom-width wp-block-button__width-50 has-custom-font-size has-medium-font-size"><a class="wp-block-button__link wp-element-button" href="http://guarani.catamarca.edu.ar/ies/" target="_blank" rel="noreferrer noopener">INSCRIPCIÓN</a></div>
</div>
</div>



<div class="wp-block-column is-vertically-aligned-top has-text-color has-background has-link-color has-small-font-size wp-elements-be650ff2abd3413b151c32f97cd7f45c is-layout-flow" style="color:#000000;background-color:#1f7fbf4d;padding-top:2em;padding-right:2em;padding-bottom:2em;padding-left:2em">
<h1 class="wp-block-heading" id="patron" style="font-size:30px">Preinscripción ingresantes 2024</h1>



<hr class="wp-block-separator has-css-opacity is-style-wide"/>



<h5>Se informa que se encuentra habilitada (solo para estudiantes que nunca ingresaron al sistema), la preinscripción en SIU Guaraní hasta el 30 de abril del corriente año.</h5>



<div class="wp-block-buttons has-custom-font-size has-medium-font-size is-content-justification-center is-layout-flex wp-container-9">
<div class="wp-block-button"><a class="wp-block-button__link wp-element-button" href="http://guarani.catamarca.edu.ar/preinscripcion/ies/?__o=" target="_blank" rel="noreferrer noopener">PREINSCRIPCIÓN</a></div>
</div>
</div>
</div>
</div></div>



<hr class="wp-block-separator has-alpha-channel-opacity is-style-dots"/>


<p>&#x1f4e3; Se comunica que hasta el 20 de mayo del corriente año, todos los alumnos ingresantes 1° año 2023, deberán inscribirse a las materias de primer año para continuar siendo alumno regular de la carrera, sin excepción.</p>
<p>&#x1f517; Enlace de inscripción: <a href="http://guarani.catamarca.edu.ar/ies/" target="_blank" rel="noopener" data-wplink-edit="true">http://guarani.catamarca.edu.ar/ies/</a></p>
<p>&#x1f4c4; Tutorial para realizar el mencionado proceso: <a href="https://isac-cat.infd.edu.ar/sitio/wp-content/uploads/2023/05/Instructivo-SIU-Guarani-Alumnos.pdf" target="_blank" rel="noopener">Instructivo &#8211; SIU Guaraní Alumnos</a></p>
<p>&#x2753; Por consultas, dirigirse al área de bedelía, Prof. Soledad Nieva, los días martes y jueves, en el horario de 17:30 h. a 20:00 h.&nbsp;</p>

<p>Preinscripción ingresantes 2025 Se informa que se encuentra habilitada (solo para estudiantes que nunca ingresaron al sistema), la preinscripción en SIU Guaraní hasta el 21 de febrero de 2025. Inscripción 2025 Se encuentra habilitada la inscripción a las materias a cursar, para 1°, 2° y 3° año de todas las carreras.   Inscripción ingresantes 2024 &#8230; <a title="SIU Guaraní" class="read-more" href="https://isac-cat.infd.edu.ar/sitio/siu-guarani/" aria-label="More on SIU Guaraní">[+]</a></p>
