{"id":2151,"date":"2023-06-15T08:37:27","date_gmt":"2023-06-15T11:37:27","guid":{"rendered":"https:\/\/isac-cat.infd.edu.ar\/sitio\/?page_id=2151"},"modified":"2023-06-15T09:02:52","modified_gmt":"2023-06-15T12:02:52","slug":"oferta-academica","status":"publish","type":"page","link":"https:\/\/isac-cat.infd.edu.ar\/sitio\/oferta-academica\/","title":{"rendered":"OFERTA ACAD\u00c9MICA"},"content":{"rendered":"<div class=\"wp-block-image\">\n<figure class=\"aligncenter size-full\"><img decoding=\"async\" loading=\"lazy\" width=\"800\" height=\"600\" src=\"https:\/\/isac-cat.infd.edu.ar\/sitio\/wp-content\/uploads\/2022\/12\/Pre-inscripciones-abiertas-2-1.png\" alt=\"\" class=\"wp-image-1951\" srcset=\"https:\/\/isac-cat.infd.edu.ar\/sitio\/wp-content\/uploads\/2022\/12\/Pre-inscripciones-abiertas-2-1.png 800w, https:\/\/isac-cat.infd.edu.ar\/sitio\/wp-content\/uploads\/2022\/12\/Pre-inscripciones-abiertas-2-1-768x576.png 768w\" sizes=\"(max-width: 800px) 100vw, 800px\" \/><\/figure><\/div>\n\n<p>El Instituto Superior de Arte y Comunicaci\u00f3n, informan las carreras disponibles en la instituci\u00f3n, cuya oferta acad\u00e9mica, con validez nacional.<br \/>Cabe recordar que los interesados en inscribirse y\/o recibir mayor informaci\u00f3n deber\u00e1n dirigirse a la sede de cada instituto.<\/p>\n<p>&#x1f449; Profesorado de Danzas. Res. Min. ECyT 021\/13<br \/>&#x1f449; Profesorado de M\u00fasica. Res. Min. ECyT 073\/13<br \/>&#x1f449; Profesorado de Artes Visuales. Res. Min. ECyT 022\/13<br \/>&#x1f449; Profesorado de Teatro. Res. Min. ECyT 023\/13<br \/>&#x1f449; Tecnicatura Superior en Comunicaci\u00f3n Social Orientada al Desarrollo Local. Res. Min. ECyT 117\/14<br \/>&#x1f449; Tecnicatura Superior en Gesti\u00f3n Sociocultural. Res. Min. ECyT 117\/14<br \/>&#x1f449; Locutor Integral para Radio y Televisi\u00f3n. Res. Min. ECyT 117\/14<br \/>&#x1f449; Tecnicatura Superior de Bienes Culturales en Artes Visuales. Res. Min. ECyT 777\/19<br \/>&#x1f449; Productor y Director para Radio y Televisi\u00f3n. Res. Min. ECyT 117\/14<\/p>","protected":false},"excerpt":{"rendered":"<p>El Instituto Superior de Arte y Comunicaci\u00f3n, informan las carreras disponibles en la instituci\u00f3n, cuya oferta acad\u00e9mica, con validez nacional.Cabe recordar que los interesados en inscribirse y\/o recibir mayor informaci\u00f3n deber\u00e1n dirigirse a la sede de cada instituto. &#x1f449; Profesorado de Danzas. Res. Min. ECyT 021\/13&#x1f449; Profesorado de M\u00fasica. Res. Min. ECyT 073\/13&#x1f449; Profesorado de &#8230; <a title=\"OFERTA ACAD\u00c9MICA\" class=\"read-more\" href=\"https:\/\/isac-cat.infd.edu.ar\/sitio\/oferta-academica\/\" aria-label=\"More on OFERTA ACAD\u00c9MICA\">[+]<\/a><\/p>\n","protected":false},"author":2135,"featured_media":0,"parent":0,"menu_order":0,"comment_status":"closed","ping_status":"closed","template":"","meta":[],"acf":[],"_links":{"self":[{"href":"https:\/\/isac-cat.infd.edu.ar\/sitio\/wp-json\/wp\/v2\/pages\/2151"}],"collection":[{"href":"https:\/\/isac-cat.infd.edu.ar\/sitio\/wp-json\/wp\/v2\/pages"}],"about":[{"href":"https:\/\/isac-cat.infd.edu.ar\/sitio\/wp-json\/wp\/v2\/types\/page"}],"author":[{"embeddable":true,"href":"https:\/\/isac-cat.infd.edu.ar\/sitio\/wp-json\/wp\/v2\/users\/2135"}],"replies":[{"embeddable":true,"href":"https:\/\/isac-cat.infd.edu.ar\/sitio\/wp-json\/wp\/v2\/comments?post=2151"}],"version-history":[{"count":4,"href":"https:\/\/isac-cat.infd.edu.ar\/sitio\/wp-json\/wp\/v2\/pages\/2151\/revisions"}],"predecessor-version":[{"id":2159,"href":"https:\/\/isac-cat.infd.edu.ar\/sitio\/wp-json\/wp\/v2\/pages\/2151\/revisions\/2159"}],"wp:attachment":[{"href":"https:\/\/isac-cat.infd.edu.ar\/sitio\/wp-json\/wp\/v2\/media?parent=2151"}],"curies":[{"name":"wp","href":"https:\/\/api.w.org\/{rel}","templated":true}]}}