{"id":2455,"date":"2023-10-09T22:51:11","date_gmt":"2023-10-10T01:51:11","guid":{"rendered":"https:\/\/isac-cat.infd.edu.ar\/sitio\/?page_id=2455"},"modified":"2023-10-09T23:17:08","modified_gmt":"2023-10-10T02:17:08","slug":"sitio-isac","status":"publish","type":"page","link":"https:\/\/isac-cat.infd.edu.ar\/sitio\/sitio-isac\/","title":{"rendered":"SITIO ISAC"},"content":{"rendered":"<h6>A trav\u00e9s de este sitio podr\u00e1s acceder a consultar planificaciones, carreras, concursos, y mucho m\u00e1s. <a href=\"https:\/\/sites.google.com\/view\/isacinstitucional\/inicio?authuser=0\" target=\"_blank\" rel=\"noopener\">M\u00e1s info<\/a><\/h6>\n<h5><img decoding=\"async\" loading=\"lazy\" class=\"wp-image-2466 aligncenter\" src=\"https:\/\/isac-cat.infd.edu.ar\/sitio\/wp-content\/uploads\/2023\/10\/Captura-de-pantalla-2023-10-09-231301-1000x466.png\" alt=\"\" width=\"903\" height=\"421\" srcset=\"https:\/\/isac-cat.infd.edu.ar\/sitio\/wp-content\/uploads\/2023\/10\/Captura-de-pantalla-2023-10-09-231301-1000x466.png 1000w, https:\/\/isac-cat.infd.edu.ar\/sitio\/wp-content\/uploads\/2023\/10\/Captura-de-pantalla-2023-10-09-231301-768x358.png 768w, https:\/\/isac-cat.infd.edu.ar\/sitio\/wp-content\/uploads\/2023\/10\/Captura-de-pantalla-2023-10-09-231301.png 1352w\" sizes=\"(max-width: 903px) 100vw, 903px\" \/><\/h5>\n","protected":false},"excerpt":{"rendered":"<p>A trav\u00e9s de este sitio podr\u00e1s acceder a consultar planificaciones, carreras, concursos, y mucho m\u00e1s. M\u00e1s info<\/p>\n","protected":false},"author":2135,"featured_media":0,"parent":0,"menu_order":0,"comment_status":"closed","ping_status":"closed","template":"","meta":[],"acf":[],"_links":{"self":[{"href":"https:\/\/isac-cat.infd.edu.ar\/sitio\/wp-json\/wp\/v2\/pages\/2455"}],"collection":[{"href":"https:\/\/isac-cat.infd.edu.ar\/sitio\/wp-json\/wp\/v2\/pages"}],"about":[{"href":"https:\/\/isac-cat.infd.edu.ar\/sitio\/wp-json\/wp\/v2\/types\/page"}],"author":[{"embeddable":true,"href":"https:\/\/isac-cat.infd.edu.ar\/sitio\/wp-json\/wp\/v2\/users\/2135"}],"replies":[{"embeddable":true,"href":"https:\/\/isac-cat.infd.edu.ar\/sitio\/wp-json\/wp\/v2\/comments?post=2455"}],"version-history":[{"count":6,"href":"https:\/\/isac-cat.infd.edu.ar\/sitio\/wp-json\/wp\/v2\/pages\/2455\/revisions"}],"predecessor-version":[{"id":2470,"href":"https:\/\/isac-cat.infd.edu.ar\/sitio\/wp-json\/wp\/v2\/pages\/2455\/revisions\/2470"}],"wp:attachment":[{"href":"https:\/\/isac-cat.infd.edu.ar\/sitio\/wp-json\/wp\/v2\/media?parent=2455"}],"curies":[{"name":"wp","href":"https:\/\/api.w.org\/{rel}","templated":true}]}}